at are the prime factors of 372041?
29, 12829
List the prime factors of 22718486.
2, 7, 1622749
List the prime factors of 118897.
118897
List the prime factors of 150583.
150583
What are the prime factors of 1066097?
61, 17477
List the prime factors of 401419.
23, 31, 563
What are the prime factors of 12303?
3, 1367
List the prime factors of 3068860.
2, 5, 153443
What are the prime factors of 259804?
2, 64951
What are the prime factors of 2445737?
7, 19, 37, 71
What are the prime factors of 1477382?
2, 23, 32117
What are the prime factors of 28981?
73, 397
What are the prime factors of 58346?
2, 29173
List the prime factors of 8798611.
59, 197, 757
What are the prime factors of 275771?
97, 2843
List the prime factors of 3254470.
2, 5, 325447
List the prime factors of 3521338.
2, 1760669
What are the prime factors of 6156422?
2, 3078211
What are the prime factors of 3552286?
2, 17, 104479
List the prime factors of 272640.
2, 3, 5, 71
List the prime factors of 14015708.
2, 7, 73, 6857
What are the prime factors of 123225?
3, 5, 31, 53
List the prime factors of 55476.
2, 3, 23, 67
List the prime factors of 7586521.
1237, 6133
List the prime factors of 1562568.
2, 3, 7, 71, 131
What are the prime factors of 1338562?
2, 179, 3739
What are the prime factors of 3511571?
7, 17, 23, 1283
List the prime factors of 188037.
3, 17, 1229
What are the prime factors of 977104?
2, 173, 353
What are the prime factors of 4254444?
2, 3, 1459
List the prime factors of 334629.
3, 37181
List the prime factors of 3298088.
2, 83, 4967
What are the prime factors of 196967?
431, 457
What are the prime factors of 207678?
2, 3, 34613
What are the prime factors of 200182?
2, 101, 991
List the prime factors of 1247930.
2, 5, 124793
List the prime factors of 24156315.
3, 5, 19, 1487
List the prime factors of 639492.
2, 3, 7, 23, 331
What are the prime factors of 603905?
5, 269, 449
What are the prime factors of 19613?
11, 1783
What are the prime factors of 464100?
2, 3, 5, 7, 13, 17
List the prime factors of 329025.
3, 5, 41, 107
What are the prime factors of 547968?
2, 3, 1427
List the prime factors of 165955.
5, 33191
List the prime factors of 540844.
2, 135211
List the prime factors of 22223104.
2, 47, 1847
What are the prime factors of 724557?
3, 17, 14207
List the prime factors of 276628.
2, 11, 6287
List the prime factors of 1272976.
2, 79561
List the prime factors of 1359650.
2, 5, 71, 383
What are the prime factors of 7950350?
2, 5, 29, 5483
List the prime factors of 534431.
534431
List the prime factors of 529262.
2, 264631
What are the prime factors of 1693040?
2, 5, 21163
What are the prime factors of 28386543?
3, 47, 109, 1847
What are the prime factors of 24865879?
461, 53939
List the prime factors of 110355.
3, 5, 7, 1051
List the prime factors of 73602.
2, 3, 29, 47
What are the prime factors of 693963?
3, 83, 929
List the prime factors of 164109.
3, 11, 4973
What are the prime factors of 23800818?
2, 3, 3966803
What are the prime factors of 809287?
61, 13267
What are the prime factors of 440004?
2, 3, 37, 991
What are the prime factors of 5204574?
2, 3, 10709
List the prime factors of 35775815.
5, 523, 13681
List the prime factors of 1552639.
11, 191, 739
What are the prime factors of 30671135?
5, 11, 127, 4391
List the prime factors of 15702938.
2, 397, 19777
List the prime factors of 6679369.
6679369
What are the prime factors of 2776633?
1013, 2741
What are the prime factors of 12181802?
2, 73, 83437
What are the prime factors of 190423?
109, 1747
What are the prime factors of 75290?
2, 5, 7529
What are the prime factors of 86946?
2, 3, 43, 337
What are the prime factors of 280958?
2, 59, 2381
List the prime factors of 148759.
13, 11443
What are the prime factors of 3315458?
2, 1657729
What are the prime factors of 572282?
2, 277, 1033
What are the prime factors of 3465997?
83, 41759
What are the prime factors of 9490228?
2, 11, 215687
What are the prime factors of 17159493?
3, 13, 71, 6197
What are the prime factors of 4891065?
3, 5, 23, 14177
List the prime factors of 15472963.
11, 1406633
What are the prime factors of 230391?
3, 7, 23, 53
List the prime factors of 6184698.
2, 3, 13, 37, 2143
What are the prime factors of 80683?
80683
List the prime factors of 197204.
2, 7, 7043
List the prime factors of 644275.
5, 25771
List the prime factors of 834481.
401, 2081
List the prime factors of 58434.
2, 3, 9739
What are the prime factors of 32404897?
7, 71, 113, 577
List the prime factors of 2210347.
2210347
What are the prime factors of 3832061?
3832061
What are the prime factors of 28155?
3, 5, 1877
List the prime factors of 2175328.
2, 67979
List the prime factors of 18231669.
3, 675247
What are the prime factors of 1300904?
2, 11, 14783
List the prime factors of 1924576.
2, 137, 439
List the prime factors of 218479.
218479
List the prime factors of 2886079.
7, 71, 5807
List the prime factors of 7818319.
1097, 7127
List the prime factors of 217366.
2, 251, 433
List the prime factors of 758007.
3, 84223
What are the prime factors of 858209?
11, 61, 1279
List the prime factors of 9143136.
2, 3, 53, 599
List the prime factors of 11085258.
2, 3, 17, 191, 569
List the prime factors of 56273.
7, 8039
What are the prime factors of 335569?
13, 83, 311
List the prime factors of 525603.
3, 13, 13477
What are the prime factors of 1456155?
3, 5, 32359
List the prime factors of 376767.
3, 41863
List the prime factors of 2693602.
2, 499, 2699
What are the prime factors of 8599088?
2, 149, 3607
What are the prime factors of 313603?
313603
What are the prime factors of 3036934?
2, 1518467
What are the prime factors of 11137650?
2, 3, 5, 41, 1811
What are the prime factors of 8742390?
2, 3, 5, 83, 3511
What are the prime factors of 620078?
2, 29, 10691
List the prime factors of 7457378.
2, 271, 13759
List the prime factors of 2809938.
2, 3, 468323
What are the prime factors of 2276544?
2, 3, 71, 167
List the prime factors of 14592513.
3, 13, 19, 47, 419
List the prime factors of 277524.
2, 3, 13, 593
What are the prime factors of 17864801?
263, 67927
List the prime factors of 711079.
79, 9001
What are the prime factors of 201783?
3, 67261
List the prime factors of 1318096.
2, 13, 6337
What are the prime factors of 20324074?
2, 257, 39541
List the prime factors of 5961694.
2, 2980847
What are the prime factors of 23562559?
23562559
List the prime factors of 5961416.
2, 23, 179, 181
What are the prime factors of 257643?
3, 28627
What are the prime factors of 4476737?
1973, 2269
List the prime factors of 1246385.
5, 7, 149, 239
List the prime factors of 23443465.
5, 4688693
List the prime factors of 30709.
7, 41, 107
What are the prime factors of 14423268?
2, 3, 1201939
What are the prime factors of 3259178?
2, 13, 125353
What are the prime factors of 4928832?
2, 3, 43, 199
What are the prime factors of 2665276?
2, 47, 14177
List the prime factors of 419465.
5, 43, 1951
What are the prime factors of 3105436?
2, 19, 29, 1409
List the prime factors of 573761.
573761
List the prime factors of 231197.
231197
List the prime factors of 144832.
2, 31, 73
What are the prime factors of 7954177?
7, 11, 9391
List the prime factors of 1961219.
13, 59, 2557
What are the prime factors of 910024?
2, 19, 5987
What are the prime factors of 121623?
3, 71, 571
What are the prime factors of 8564209?
17, 503777
List the prime factors of 326205.
3, 5, 11, 659
List the prime factors of 356926.
2, 179, 997
List the prime factors of 757075.
5, 11, 2753
What are the prime factors of 903634?
2, 229, 1973
List the prime factors of 8979588.
2, 3, 249433
What are the prime factors of 1108387?
7, 158341
List the prime factors of 7560920.
2, 5, 17, 11119
What are the prime factors of 2385743?
29, 82267
What are the prime factors of 21277375?
5, 7, 24317
What are the prime factors of 402545?
5, 11, 13, 563
What are the prime factors of 27482383?
73, 376471
What are the prime factors of 6153110?
2, 5, 59, 10429
List the prime factors of 105865.
5, 31, 683
What are the prime factors of 1296788?
2, 19, 113, 151
What are the prime factors of 180150?
2, 3, 5, 1201
List the prime factors of 1791406.
2, 895703
What are the prime factors of 25423331?
241, 105491
List the prime factors of 149282.
2, 7, 10663
Wh